?
70
Calculate the remainder when 155941 is divided by 128.
37
Calculate the remainder when 2533 is divided by 476.
153
Calculate the remainder when 97988 is divided by 97974.
14
Calculate the remainder when 7938 is divided by 95.
53
Calculate the remainder when 26246 is divided by 375.
371
What is the remainder when 14695 is divided by 860?
75
Calculate the remainder when 16583 is divided by 1183.
21
What is the remainder when 5500 is divided by 907?
58
What is the remainder when 7637 is divided by 892?
501
What is the remainder when 7668 is divided by 296?
268
Calculate the remainder when 380438 is divided by 21134.
26
What is the remainder when 2128 is divided by 131?
32
Calculate the remainder when 868839 is divided by 166.
161
What is the remainder when 15748 is divided by 9?
7
What is the remainder when 984 is divided by 13?
9
What is the remainder when 13007 is divided by 6499?
9
Calculate the remainder when 19346 is divided by 6440.
26
Calculate the remainder when 1372 is divided by 1372.
0
Calculate the remainder when 4459 is divided by 556.
11
Calculate the remainder when 44548 is divided by 8.
4
What is the remainder when 1736 is divided by 109?
101
What is the remainder when 2302 is divided by 1047?
208
Calculate the remainder when 10051 is divided by 3349.
4
What is the remainder when 36268 is divided by 12078?
34
What is the remainder when 2332598 is divided by 25?
23
Calculate the remainder when 622459 is divided by 41.
38
Calculate the remainder when 9159 is divided by 24.
15
What is the remainder when 18105 is divided by 671?
659
What is the remainder when 9332 is divided by 516?
44
What is the remainder when 62354 is divided by 277?
29
What is the remainder when 1673 is divided by 214?
175
Calculate the remainder when 74810 is divided by 5338.
78
What is the remainder when 115307 is divided by 148?
15
Calculate the remainder when 38567 is divided by 1182.
743
What is the remainder when 11800 is divided by 379?
51
Calculate the remainder when 2852 is divided by 498.
362
What is the remainder when 19279 is divided by 1412?
923
What is the remainder when 53380 is divided by 72?
28
What is the remainder when 456 is divided by 95?
76
Calculate the remainder when 3944 is divided by 398.
362
Calculate the remainder when 1566 is divided by 522.
0
Calculate the remainder when 38585 is divided by 57.
53
What is the remainder when 2977 is divided by 2193?
784
What is the remainder when 95607 is divided by 69?
42
Calculate the remainder when 8928 is divided by 235.
233
What is the remainder when 174535 is divided by 58173?
16
Calculate the remainder when 28217 is divided by 14065.
87
Calculate the remainder when 1003425 is divided by 228.
225
Calculate the remainder when 490526 is divided by 98104.
6
What is the remainder when 2699 is divided by 113?
100
Calculate the remainder when 3422 is divided by 331.
112
Calculate the remainder when 13985 is divided by 4037.
1874
Calculate the remainder when 218157 is divided by 211.
194
What is the remainder when 133613 is divided by 2190?
23
Calculate the remainder when 5741 is divided by 221.
216
Calculate the remainder when 1771 is divided by 1651.
120
What is the remainder when 2043 is divided by 96?
27
What is the remainder when 87904 is divided by 222?
214
Calculate the remainder when 3971 is divided by 31.
3
What is the remainder when 8435 is divided by 32?
19
What is the remainder when 27532 is divided by 2753?
2
What is the remainder when 37390 is divided by 24?
22
Calculate the remainder when 32032 is divided by 154.
0
What is the remainder when 26366 is divided by 21?
11
Calculate the remainder when 3213 is divided by 3022.
191
Calculate the remainder when 507398 is divided by 860.
858
What is the remainder when 2288 is divided by 246?
74
What is the remainder when 6222 is divided by 28?
6
What is the remainder when 43912 is divided by 14633?
13
Calculate the remainder when 24684 is divided by 1173.
51
What is the remainder when 67977 is divided by 660?
657
What is the remainder when 5139 is divided by 66?
57
Calculate the remainder when 2155 is divided by 203.
125
Calculate the remainder when 13767 is divided by 34.
31
Calculate the remainder when 11831 is divided by 2957.
3
What is the remainder when 24330 is divided by 29?
28
What is the remainder when 246674 is divided by 83?
81
Calculate the remainder when 1941 is divided by 34.
3
Calculate the remainder when 730 is divided by 3.
1
Calculate the remainder when 172952 is divided by 368.
360
What is the remainder when 1490571 is divided by 272?
11
Calculate the remainder when 94402 is divided by 15728.
34
Calculate the remainder when 1817 is divided by 155.
112
Calculate the remainder when 30917 is divided by 455.
432
What is the remainder when 25657 is divided by 6414?
1
Calculate the remainder when 50359 is divided by 16771.
46
Calculate the remainder when 28026 is divided by 86.
76
Calculate the remainder when 8677 is divided by 347.
2
Calculate the remainder when 14761 is divided by 119.
5
What is the remainder when 307950 is divided by 43989?
27
Calculate the remainder when 442491 is divided by 32.
27
What is the remainder when 12519 is divided by 216?
207
What is the remainder when 59138 is divided by 279?
269
What is the remainder when 700 is divided by 503?
197
Calculate the remainder when 869 is divided by 331.
207
What is the remainder when 13265 is divided by 3316?
1
What is the remainder when 5379 is divided by 40?
19
What is the remainder when 1006 is divided by 254?
244
What is the remainder when 484631 is divided by 762?
761
Calculate the remainder when 43324 is divided by 40.
4
What is the remainder when 186942 is divided by 15?
12
Calculate the remainder when 169376 is divided by 21167.
40
What is the remainder when 32652 is divided by 16325?
2
What is the remainder when 36948 is divided by 948?
924
Calculate the remainder when 398198 is divided by 177.
125
Calculate the remainder when 84557 is divided by 16911.
2
What is the remainder when 3480 is divided by 34?
12
What is the remainder when 11951 is divided by 5925?
101
What is the remainder when 27168 is divided by 286?
284
What is the remainder when 43545 is divided by 61?
52
What is the remainder when 69868 is divided by 63?
1
Calculate the remainder when 9095 is divided by 1208.
639
What is the remainder when 14641 is divided by 638?
605
What is the remainder when 5423 is divided by 151?
138
Calculate the remainder when 9063 is divided by 746.
111
Calculate the remainder when 707124 is divided by 5612.
12
Calculate the remainder when 3731 is divided by 17.
8
What is the remainder when 10920 is divided by 271?
80
What is the remainder when 75407 is divided by 17?
12
Calculate the remainder when 82681 is divided by 275.
181
Calculate the remainder when 19208 is divided by 99.
2
Calculate the remainder when 116170 is divided by 21.
19
What is the remainder when 218941 is divided by 401?
396
What is the remainder when 661 is divided by 186?
103
Calculate the remainder when 1068536 is divided by 33.
29
Calculate the remainder when 14229 is divided by 4740.
9
Calculate the remainder when 9495 is divided by 49.
38
Calculate the remainder when 5286 is divided by 1754.
24
What is the remainder when 3422 is divided by 16?
14
What is the remainder when 79555 is divided by 1473?
13
What is the remainder when 5103 is divided by 1558?
429
Calculate the remainder when 679 is divided by 195.
94
Calculate the remainder when 40249 is divided by 175.
174
What is the remainder when 5443 is divided by 397?
282
What is the remainder when 7831 is divided by 170?
11
Calculate the remainder when 233096 is divided by 362.
330
What is the remainder when 5014 is divided by 22?
20
Calculate the remainder when 4926 is divided by 345.
96
What is the remainder when 4814 is divided by 847?
579
What is the remainder when 5415 is divided by 257?
18
Calculate the remainder when 457039 is divided by 145.
144
Calculate the remainder when 9199 is divided by 1141.
71
Calculate the remainder when 350267 is divided by 116751.
14
What is the remainder when 27477 is divided by 11?
10
What is the remainder when 10225 is divided by 732?
709
Calculate the remainder when 2965 is divided by 1475.
15
What